{"id":3,"date":"2023-11-12T23:03:12","date_gmt":"2023-11-13T02:03:12","guid":{"rendered":"https:\/\/protegeme.com.br\/site\/?page_id=3"},"modified":"2023-11-29T23:53:42","modified_gmt":"2023-11-30T02:53:42","slug":"politica-de-privacidade","status":"publish","type":"page","link":"https:\/\/protegeme.com.br\/site\/index.php\/politica-de-privacidade\/","title":{"rendered":"Pol\u00edtica de privacidade"},"content":{"rendered":"\t\t<div data-elementor-type=\"wp-page\" data-elementor-id=\"3\" class=\"elementor elementor-3\">\n\t\t\t\t<div class=\"elementor-element elementor-element-4683cd49 e-flex e-con-boxed e-con e-parent\" data-id=\"4683cd49\" data-element_type=\"container\">\n\t\t\t\t\t<div class=\"e-con-inner\">\n\t\t\t\t<div class=\"elementor-element elementor-element-1f9197b3 elementor-widget elementor-widget-text-editor\" data-id=\"1f9197b3\" data-element_type=\"widget\" data-widget_type=\"text-editor.default\">\n\t\t\t\t<div class=\"elementor-widget-container\">\n\t\t\t\t\t\t\t\t\t<header>\n<p><span style=\"font-size: 16px;\">No Protege-me, privacidade e seguran\u00e7a s\u00e3o prioridades e nos comprometemos com a transpar\u00eancia do tratamento de dados pessoais dos nossos usu\u00e1rios\/clientes. Por isso, esta Pol\u00edtica de Privacidade estabelece como \u00e9 feita a coleta, uso e transfer\u00eancia de informa\u00e7\u00f5es de clientes ou outras pessoas que acessam ou usam nosso site e aplica-se a todos os clientes titulares de dados pessoais do Protege-me. Ao utilizar nossos servi\u00e7os, voc\u00ea entende que coletaremos e usaremos suas informa\u00e7\u00f5es pessoais nas formas descritas nesta Pol\u00edtica, sob as normas de Prote\u00e7\u00e3o de Dados (LGPD, Lei Federal 13.709\/2018), das disposi\u00e7\u00f5es consumeristas da Lei Federal 8078\/1990 e as demais normas do ordenamento jur\u00eddicos brasileiros aplic\u00e1veis.&nbsp;<\/span><\/p>\n<\/header>\n<div>\n<div data-elementor-type=\"wp-page\" data-elementor-id=\"3\" data-elementor-settings=\"[]\">\n<div>\n<section data-id=\"5efeafdc\" data-element_type=\"section\">\n<div>\n<div data-id=\"4aa4950a\" data-element_type=\"column\">\n<div>\n<div data-id=\"310785d9\" data-element_type=\"widget\" data-widget_type=\"text-editor.default\">\n<div>\n<p>Dessa forma, o Projeto Protege-me, doravante denominada simplesmente como \u201cProtege-me\u201d, inscrita no CNPJ sob o n\u00ba 27.313.149\/0001-87, no papel de Controladora de Dados, obriga-se ao disposto na presente Pol\u00edtica de Privacidade.<\/p>\n<p>&nbsp;Recomendamos que a pol\u00edtica abaixo seja lida com aten\u00e7\u00e3o. Ela escreve como s\u00e3o tratados os seus dados pessoais quando voc\u00ea utiliza dos servi\u00e7os do Protege-me ou nos contata por nossos canais de atendimento. Sempre verifique a vers\u00e3o atualizada da pol\u00edtica de privacidade.&nbsp;<\/p>\n<h5><b>DEFINI\u00c7\u00d5ES:<\/b><\/h5>\n<h6>DADOS PESSOAIS:&nbsp;<\/h6>\n<p>Qualquer informa\u00e7\u00e3o pessoal que tenha sido coletada no territ\u00f3rio nacional ou compartilhada por transfer\u00eancia internacional relacionada \u00e0 pessoa natural identificada ou identific\u00e1vel. Os dados pessoais podem estar em qualquer m\u00eddia ou formato, inclusive registros eletr\u00f4nicos ou computadorizados, bem como em arquivos baseados em papel.&nbsp;<\/p>\n<h6>CLIENTE\/TITULAR DOS DADOS PESSOAIS:&nbsp;<\/h6>\n<p>Pessoa f\u00edsica a quem se referem os dados pessoais que s\u00e3o objeto de tratamento pela empresa, maior de 18 (dezoito) anos que utilize ou visite o (s) site (s) e\/ou aplicativo (s). Bem como os emancipados, os totalmente capazes de praticar os atos da vida civil, os absolutamente ou relativamente incapazes devidamente representados ou assistidos.&nbsp;<\/p>\n<h6>FINALIDADE:&nbsp;<\/h6>\n<p>O objetivo de se coletar os dados pessoais para cada ato de tratamento.&nbsp;<\/p>\n<h6>NECESSIDADE:&nbsp;<\/h6>\n<p>Motivo estritamente necess\u00e1rio em coletar os dados pessoais para atingir a finalidade, evitando-se a coleta excessiva ou desnecess\u00e1ria.&nbsp;<\/p>\n<h6>CONSENTIMENTO:&nbsp;<\/h6>\n<p>Autoriza\u00e7\u00e3o livre, informada e inequ\u00edvoca pelo qual o titular ou respons\u00e1vel concorda com o tratamento de seus dados pessoais para uma finalidade. Portanto, \u00e9 a permiss\u00e3o para que o Protege-me trate seus dados pessoais para um prop\u00f3sito previamente descrito e necess\u00e1rio com a devida autoriza\u00e7\u00e3o expressa do titular. O Protege-me garante a confidencialidade e a seguran\u00e7a de todos os seus Dados Pessoais durante os servi\u00e7os prestados seja no ambiente digital ou em nossas unidades f\u00edsicas para assegurar e proteger os seus dados pessoais, nos termos da Lei Geral de Prote\u00e7\u00e3o de Dados e demais normas pertinentes. Esta pol\u00edtica se aplica a todos os clientes titulares de dados pessoais nos servi\u00e7os oferecidos, onde podemos coletar, produzir, receptar, classificar, utilizar, acessar, reproduzir, transmitir, distribuir, processar, arquivar, armazenar, eliminar, avaliar ou controlar a informa\u00e7\u00e3o, modificar, comunicar, transferir, difundir ou extrair os dados coletados, incluindo as informa\u00e7\u00f5es de identifica\u00e7\u00e3o pessoal, de acordo com as bases legais aplic\u00e1veis e todas as leis de privacidade e prote\u00e7\u00e3o de dados em vigor. Ao acessar ou utilizar os nosso site e servi\u00e7os, o cliente declara ter no m\u00ednimo 18 (dezoito) anos, capacidade civil plena, de acordo com os artigos 1\u00b0 ao 5\u00b0do C\u00f3digo Civil, para a aceita\u00e7\u00e3o dos termos e condi\u00e7\u00f5es desta Pol\u00edtica de Privacidade e do Termo de Consentimento para todos os fins de direito. N\u00e3o solicitamos informa\u00e7\u00f5es, nem conscientemente coletamos Dados Pessoais de crian\u00e7as, que n\u00e3o tenham sido fornecidos por seu respons\u00e1vel legal. O tratamento de Dados Pessoais de menores de idade somente ocorre em seu melhor interesse e observando a necessidade de consentimento do seu respons\u00e1vel legal. Ressaltamos que n\u00e3o \u00e9 poss\u00edvel oferecer as funcionalidades da Plataforma e os nossos Servi\u00e7os sem ter acesso aos Dados Pessoais, ou seja, o tratamento dos Dados Pessoais \u00e9 condi\u00e7\u00e3o para utilizar nossos Servi\u00e7os, contatar o Protege-me e atuar como fornecedor. N\u00e3o coletamos mais dados do que os estritamente necess\u00e1rios para a execu\u00e7\u00e3o dessas atividades.&nbsp;<\/p>\n<h6>QUAIS INFORMA\u00c7\u00d5ES COLETAMOS?&nbsp;<\/h6>\n<p>Coletamos informa\u00e7\u00f5es pessoais fornecidas pelos nossos clientes de forma livre, consciente, volunt\u00e1ria e utilizamos cookies para registrar de forma autom\u00e1tica as informa\u00e7\u00f5es sobre os dispositivos m\u00f3veis, endere\u00e7o de IP, MAC ou outro identificador \u00fanico para o computador, bem como acesso e uso do website. N\u00e3o solicitamos informa\u00e7\u00f5es, nem conscientemente coletamos Dados Pessoais de crian\u00e7as, que n\u00e3o tenham sido fornecidos por seu respons\u00e1vel legal. O tratamento de Dados Pessoais de menores de idade somente ocorre em seu melhor interesse e observando a necessidade de consentimento do seu respons\u00e1vel legal. Ressaltamos que n\u00e3o \u00e9 poss\u00edvel oferecer as funcionalidades dos nossos Servi\u00e7os sem ter acesso aos Dados Pessoais, ou seja, o tratamento dos Dados Pessoais \u00e9 condi\u00e7\u00e3o para utilizar nossos Servi\u00e7os e contatar o<\/p>\n<p><\/p>\n<p>Protege-me. N\u00e3o coletamos mais dados do que os estritamente necess\u00e1rios para a execu\u00e7\u00e3o dessas atividades. Ressaltamos que quando o Cliente realiza o cadastro e\/ou ao preencher os formul\u00e1rios oferecidos pelo Protege-me, ou por parceiros autorizados, os Dados Pessoais solicitados ser\u00e3o mantidos em sigilo e ser\u00e3o utilizados apenas para o prop\u00f3sito que motivou o cadastro. Cabe mencionar tamb\u00e9m que podemos usar essas informa\u00e7\u00f5es para melhorar os servi\u00e7os prestados e associar seu identificador de dispositivo \u00e0s suas informa\u00e7\u00f5es pessoais. Vale destacar que podemos inserir Cookies, que s\u00e3o pequenos arquivos de texto enviados pelo site ao computador do usu\u00e1rio e que nele ficam armazenados informa\u00e7\u00f5es relacionadas \u00e0 navega\u00e7\u00e3o do site. Por meio dos cookies, pequenas quantidades de informa\u00e7\u00e3o s\u00e3o armazenadas pelo navegador do usu\u00e1rio para que nosso servidor possa l\u00ea-las posteriormente. Podem ser armazenados, por exemplo, dados sobre o dispositivo utilizado pelo usu\u00e1rio, bem como seu local e hor\u00e1rio de acesso ao site. \u00c9 importante ressaltar que nem todo cookies cont\u00e9m informa\u00e7\u00f5es que permitem a identifica\u00e7\u00e3o do usu\u00e1rio, sendo que determinados tipos de cookies podem ser empregados simplesmente para que o site seja carregado corretamente ou para que suas funcionalidades funcionem do modo esperado.&nbsp;<\/p>\n<h6>VOC\u00ca PRECISA FORNECER O SEU CONSENTIMENTO PARA A PROTEGE-ME USAR SEUS DADOS PESSOAIS CONFORME DESCRITO NESSA POL\u00cdTICA?&nbsp;<\/h6>\n<p>A LGPD estabelece diversas situa\u00e7\u00f5es em que \u00e9 permitido o tratamento de dados pessoais independentemente do consentimento do titular daqueles dados. S\u00e3o as chamadas \u201cbases legais para o tratamento de dados\u201d. Isso significa que, se voc\u00ea optar por utilizar os Servi\u00e7os, em alguns casos poderemos coletar e tratar os seus dados independentemente do seu consentimento (se houver uma \u201cbase legal\u201d prevista na LGPD que nos permita fazer isso), tais como execu\u00e7\u00e3o de contrato, tutela \u00e0 sa\u00fade, cumprimento de obriga\u00e7\u00e3o legal ou regulat\u00f3ria, exerc\u00edcio regular de direito e leg\u00edtimo interesse. Quando nos basearmos em \u201cconsentimento\u201d, pediremos o seu consentimento espec\u00edfico para tratar os seus Dados Pessoais.&nbsp;<\/p>\n<h6>COMO USAMOS ESSAS INFORMA\u00c7\u00d5ES?&nbsp;<\/h6>\n<p>As informa\u00e7\u00f5es e os dados ser\u00e3o utilizados de acordo com a finalidade e necessidade do cliente, em decorr\u00eancia dos servi\u00e7os prestados pela nossa empresa, dentro do portf\u00f3lio de servi\u00e7os oferecidos no atendimento presencial ou nas plataformas digitais, bem como para cumprimento de obriga\u00e7\u00e3o legal. As informa\u00e7\u00f5es poder\u00e3o ser coletadas pela empresa atrav\u00e9s dos canais de comunica\u00e7\u00e3o com os clientes, tais como telefone, WhatsApp, E-mail, SMS, Website ou pelo nosso servi\u00e7o de teleatendimento, onde ser\u00e3o utilizadas para a presta\u00e7\u00e3o dos nossos servi\u00e7os conforme exposto abaixo de forma exemplificativa:&nbsp;<\/p>\n<p><span style=\"font-style: inherit; font-weight: inherit; text-align: var(--text-align); background-color: var(--ast-global-color-5); color: var(--ast-global-color-3);\">\u2022 Suporte T\u00e9cnico atrav\u00e9s da nossa Assessoria Cient\u00edfica, corpo t\u00e9cnico para responder questionamentos, tirar d\u00favidas, esclarecer quest\u00f5es;<\/span><\/p>\n<p>&nbsp;\u2022 Conceder acesso e uso em nossas plataformas digitais e servi\u00e7os;&nbsp;<\/p>\n<p>\u2022 Fornecimento de senhas de acesso nas plataformas digitais, aplicativos, Websites;&nbsp;<\/p>\n<p>\u2022 Oferecer e enviar novos produtos e servi\u00e7os;&nbsp;<\/p>\n<p>\u2022 Desenvolver pesquisas de satisfa\u00e7\u00e3o;&nbsp;<\/p>\n<p>\u2022 Para cumprimento de obriga\u00e7\u00e3o legal ou regulat\u00f3ria;<\/p>\n<p>&nbsp;\u2022 Utiliza\u00e7\u00e3o do nosso portf\u00f3lio de servi\u00e7os e plataformas digitais;&nbsp;<\/p>\n<h6>ONDE OS DADOS S\u00c3O ARMAZENADOS E POR QUANTO TEMPO?&nbsp;<\/h6>\n<p>As informa\u00e7\u00f5es e os Dados Pessoais ser\u00e3o armazenados na base de dados do Protege-me ou em base de dados mantidas \u201cem nuvem\u201d e somente ser\u00e3o acessados por fornecedores, empresas e profissionais de servi\u00e7os devidamente autorizados e contratados pelo Protege-me, os quais est\u00e3o devidamente de acordo com a legisla\u00e7\u00e3o de dados vigente. Nosso objetivo \u00e9 fornecer aos nossos clientes um servi\u00e7o seguro, r\u00e1pido e confi\u00e1vel. Utilizamos v\u00e1rios procedimentos de seguran\u00e7a para proteger a confidencialidade, seguran\u00e7a e integridade de seus Dados Pessoais, prevenindo a ocorr\u00eancia de eventuais danos em virtude do tratamento desses dados. Atualmente, armazenamos dados em datacenter terceirizado e externo para que n\u00e3o haja invas\u00f5es f\u00edsicas e poss\u00edveis capturas de seus dados. O acesso a determinados dados s\u00e3o restritos e acessados somente para suporte ao cliente e suporte t\u00e9cnico. O Protege-me manter\u00e1 todos os seus dados e informa\u00e7\u00f5es pessoais enquanto o cadastro do Cliente estiver ativo em nossa base de dados e conforme seja necess\u00e1rio para execu\u00e7\u00e3o de seus servi\u00e7os ou at\u00e9 eventual requerimento de exclus\u00e3o solicitada pelo titular do dado, ou de acordo com o per\u00edodo determinado por lei. Vale lembrar que o Protege-me &nbsp;poder\u00e1 reter seus Dados Pessoais, ap\u00f3s receber seu pedido de exclus\u00e3o, nos prazos na RDC 302 de 13 de outubro de 2005, para cumprimento de obriga\u00e7\u00e3o legal que exija guarda e manuten\u00e7\u00e3o, resolver lit\u00edgios, manter a seguran\u00e7a, evitar fraudes, abuso e garantir o cumprimento de contratos.&nbsp;<\/p>\n<p>QUEM TEM ACESSO A ESSAS INFORMA\u00c7\u00d5ES?&nbsp;<\/p>\n<p>O Protege-me pode enviar para voc\u00ea informa\u00e7\u00f5es sobre servi\u00e7os que possam ser de seu interesse, quando autorizado, ou para atender determina\u00e7\u00e3o de legisla\u00e7\u00e3o aplic\u00e1vel. O&nbsp;Protege-me poder\u00e1 compartilhar as informa\u00e7\u00f5es pessoais coletados a terceiros, nas seguintes situa\u00e7\u00f5es e nos limites exigidos e autorizados pela Lei:&nbsp;<\/p>\n<p>\u2022 Profissionais que voc\u00ea consentir e\/ou determinar o compartilhamento de seus Dados Pessoais;&nbsp;<\/p>\n<p>\u2022 Pessoas por voc\u00ea autorizado;&nbsp;<\/p>\n<p>\u2022 Respons\u00e1vel legal (menor de idade);&nbsp;<\/p>\n<p>\u2022 Quando necess\u00e1rio em decorr\u00eancia de obriga\u00e7\u00e3o legal, para o cumprimento de obriga\u00e7\u00e3o legal ou regulat\u00f3ria, ou decis\u00e3o judicial;&nbsp;<\/p>\n<p>\u2022 Parceiros envolvidos na execu\u00e7\u00e3o e\/ou presta\u00e7\u00e3o de servi\u00e7o em nome do Protege-me; \u2022 Vigil\u00e2ncia Sanit\u00e1ria; \u2022 Com empresas de auditoria t\u00e3o somente para a realiza\u00e7\u00e3o de auditorias nas opera\u00e7\u00f5es do Protege-me e para cumprimento de obriga\u00e7\u00f5es legais ou regulat\u00f3rias. Cabe esclarecer que nas hip\u00f3teses de compartilhamento de Dados Pessoais com terceiros, todos os sujeitos mencionados acima dever\u00e3o utilizar os Dados Pessoais compartilhados de forma que atinja \u00e0 finalidade para os quais foram coletados ou mediante consentimento pr\u00e9vio e de acordo com o que foi determinado por esta Pol\u00edtica de Privacidade, outras declara\u00e7\u00f5es de privacidade de website e todas as leis de privacidade e prote\u00e7\u00e3o de dados aplic\u00e1veis. Portanto, o compartilhamento de dados somente ocorrer\u00e1 quando voc\u00ea expressamente permitir e identificar as pessoas que ter\u00e3o acesso \u00e0s informa\u00e7\u00f5es. N\u00e3o vendemos nem comercializamos os seus Dados Pessoais.&nbsp;<\/p>\n<p>COMO PROTEGEMOS INFORMA\u00c7\u00d5ES PESSOAIS?&nbsp;<\/p>\n<p>O Protege-me tomar\u00e1 todas as medidas preventivas de seguran\u00e7a, Criptografia, monitoramento e n\u00edveis de acesso para identificar vulnerabilidades e ataques para proteger seus Dados Pessoais contra publica\u00e7\u00f5es n\u00e3o autorizadas, mau uso ou altera\u00e7\u00e3o, al\u00e9m de auditorias internas para acompanhar como est\u00e1 a seguran\u00e7a das informa\u00e7\u00f5es. Vale mencionar que mesmo com todo empenho de medidas de seguran\u00e7a promovidas pela empresa, o cliente entende e concorda que os computadores conectados \u00e0 internet est\u00e3o sujeitos e podem ser vulner\u00e1veis, pois existem muitos tipos de ataques de novos v\u00edrus, malwares, corrup\u00e7\u00e3o de rede, sobrecarga, etc. Nesse sentido, n\u00e3o h\u00e1 garantia plena de que as informa\u00e7\u00f5es n\u00e3o poder\u00e3o ser acessadas, divulgadas, alteradas ou destru\u00eddas por viola\u00e7\u00e3o de qualquer uma das prote\u00e7\u00f5es f\u00edsicas, t\u00e9cnicas ou administrativas.&nbsp;<\/p>\n<p>COMO FUNCIONA O PROCESSAMENTO, ACESSO E CONTROLE DOS DADOS PESSOAIS?<\/p>\n<p>O Protege-me coletar\u00e1 os seus Dados Pessoais de acordo com a finalidade do servi\u00e7o, quando devidamente autorizado, mediante seu expresso e inequ\u00edvoco consentimento. Consoante com o previsto nesta Pol\u00edtica, O Protege-me possui base legal para coletar, produzir, receptar, classificar, utilizar, acessar, reproduzir, transmitir, distribuir, processar, arquivar, armazenar, eliminar, avaliar ou controlar a informa\u00e7\u00e3o, modificar, comunicar, transferir, difundir ou extrair dados sobre o Cliente\/titular dos Dados Pessoais. Com rela\u00e7\u00e3o \u00e0 essa base legal, um dos pontos trata do recolhimento do seu consentimento, de forma expressa e inequ\u00edvoca mediante assinatura de Termo de Consentimento, o qual ser\u00e1 utilizado nos contratos e procedimentos preliminares contratuais e interesses leg\u00edtimos, desde que tal processamento n\u00e3o viole seus direitos e liberdades. O Cliente tem o direito de negar ou retirar o consentimento fornecido para o Protege-me, quando esta for \u00e0 base legal para tratamento dos dados pessoais, podendo o Protege-me encerrar a consecu\u00e7\u00e3o de seus servi\u00e7os para este usu\u00e1rio na hip\u00f3tese de ocorr\u00eancia de tal solicita\u00e7\u00e3o. Ao receber informa\u00e7\u00f5es e an\u00fancios que n\u00e3o sejam mais do seu interesse, poder\u00e1 cancelar a qualquer momento entrando em contato diretamente conosco pelo e-mail: projeto@protegeme.com.br. Caso tenha d\u00favidas sobre as bases legais para coleta, tratamento e armazenamento de seus dados pessoais entre em contato com o Protege-me por meio do e-mail projeto@protegeme.com.br. O Protege-me oferecer\u00e1 aos seus Clientes acesso facilitado \u00e0s informa\u00e7\u00f5es sobre o tratamento de seus dados, que dever\u00e3o ser disponibilizadas de forma clara, adequada e ostensiva acerca de, entre outras caracter\u00edsticas previstas em regulamenta\u00e7\u00e3o para o atendimento de v\u00e1rias op\u00e7\u00f5es para informar, corrigir, excluir os seus Dados Pessoais coletados, o que poder\u00e1 requerer as seguintes a\u00e7\u00f5es:&nbsp;<\/p>\n<p>\u2022 Excluir dados: O Cliente poder\u00e1 requisitar a exclus\u00e3o de alguns ou de todos os seus Dados Pessoais caso entenda que n\u00e3o seja mais necess\u00e1rio para o servi\u00e7o prestado (Exceto para cumprimento legal);&nbsp;<\/p>\n<p>\u2022 Alterar\/corrigir Dados Pessoais: O Cliente poder\u00e1 solicitar atualiza\u00e7\u00e3o, edi\u00e7\u00e3o ou corre\u00e7\u00e3o dos seus Dados Pessoais sempre que identificar que eles est\u00e3o incorretos ou desatualizados;&nbsp;<\/p>\n<p>\u2022 Restringir acessos: O direito de solicitar que os Dados Pessoais n\u00e3o sejam compartilhados ou que a empresa n\u00e3o possa continuar utilizando-os;&nbsp;<\/p>\n<p>\u2022 Acesso aos Dados: O Cliente ter\u00e1 sempre o direito de acessar os seus dados.&nbsp;<\/p>\n<p>O Cliente poder\u00e1 fazer as requisi\u00e7\u00f5es mencionadas acima entrando em contato por meio do e-mail: projeto@protegeme.com.br e os pedidos ser\u00e3o tratados de acordo com a LGPD. Antes de respondermos a uma solicita\u00e7\u00e3o para exerc\u00edcio dos direitos mencionados acima, podemos solicitar que voc\u00ea nos forne\u00e7a algumas informa\u00e7\u00f5es para confirmarmos sua identidade.&nbsp;<\/p>\n<h6>ATUALIZA\u00c7\u00d5ES DA NOSSA POL\u00cdTICA DE PRIVACIDADE E TERMOS DE USO DE DADOS PESSOAIS.&nbsp;<\/h6>\n<p>Esta Pol\u00edtica de Privacidade e termos de uso de dados pessoais, bem como as demais informa\u00e7\u00f5es constantes no site, poder\u00e3o ser atualizadas periodicamente e sem notifica\u00e7\u00e3o pr\u00e9via. Quaisquer altera\u00e7\u00f5es passar\u00e3o a vigorar imediatamente quando da publica\u00e7\u00e3o da Pol\u00edtica de Privacidade revisada no site. Vale mencionar que utilizaremos suas informa\u00e7\u00f5es pessoais em conformidade com a Pol\u00edtica de Privacidade que estiver em vigor na \u00e9poca em que voc\u00ea forneceu tais informa\u00e7\u00f5es. Caso o Cliente tenha qualquer observa\u00e7\u00e3o a respeito da pol\u00edtica de privacidade do website, por favor, entre em contato com o Protege-me, por meio do endere\u00e7o abaixo:&nbsp;<\/p>\n<p>E-mail: projeto@protegeme.com.br<\/p>\n<p>LGPD \u2013 Lei Geral de Prote\u00e7\u00e3o de Dados.<\/p>\n<\/div>\n<\/div>\n<\/div>\n<\/div>\n<\/div>\n<\/section>\n<\/div>\n<\/div>\n<\/div>\t\t\t\t\t\t\t\t<\/div>\n\t\t\t\t<\/div>\n\t\t\t\t\t<\/div>\n\t\t\t\t<\/div>\n\t\t\t\t<\/div>\n\t\t","protected":false},"excerpt":{"rendered":"<p>No Protege-me, privacidade e seguran\u00e7a s\u00e3o prioridades e nos comprometemos com a transpar\u00eancia do tratamento de dados pessoais dos nossos usu\u00e1rios\/clientes. Por isso, esta Pol\u00edtica de Privacidade estabelece como \u00e9 feita a coleta, uso e transfer\u00eancia de informa\u00e7\u00f5es de clientes ou outras pessoas que acessam ou usam nosso site e aplica-se a todos os clientes [&hellip;]<\/p>\n","protected":false},"author":1,"featured_media":0,"parent":0,"menu_order":0,"comment_status":"closed","ping_status":"open","template":"","meta":{"site-sidebar-layout":"default","site-content-layout":"","ast-site-content-layout":"default","site-content-style":"default","site-sidebar-style":"default","ast-global-header-display":"","ast-banner-title-visibility":"","ast-main-header-display":"","ast-hfb-above-header-display":"","ast-hfb-below-header-display":"","ast-hfb-mobile-header-display":"","site-post-title":"","ast-breadcrumbs-content":"","ast-featured-img":"","footer-sml-layout":"","theme-transparent-header-meta":"","adv-header-id-meta":"","stick-header-meta":"","header-above-stick-meta":"","header-main-stick-meta":"","header-below-stick-meta":"","astra-migrate-meta-layouts":"set","ast-page-background-enabled":"default","ast-page-background-meta":{"desktop":{"background-color":"var(--ast-global-color-4)","background-image":"","background-repeat":"repeat","background-position":"center center","background-size":"auto","background-attachment":"scroll","background-type":"","background-media":"","overlay-type":"","overlay-color":"","overlay-opacity":"","overlay-gradient":""},"tablet":{"background-color":"","background-image":"","background-repeat":"repeat","background-position":"center center","background-size":"auto","background-attachment":"scroll","background-type":"","background-media":"","overlay-type":"","overlay-color":"","overlay-opacity":"","overlay-gradient":""},"mobile":{"background-color":"","background-image":"","background-repeat":"repeat","background-position":"center center","background-size":"auto","background-attachment":"scroll","background-type":"","background-media":"","overlay-type":"","overlay-color":"","overlay-opacity":"","overlay-gradient":""}},"ast-content-background-meta":{"desktop":{"background-color":"var(--ast-global-color-5)","background-image":"","background-repeat":"repeat","background-position":"center center","background-size":"auto","background-attachment":"scroll","background-type":"","background-media":"","overlay-type":"","overlay-color":"","overlay-opacity":"","overlay-gradient":""},"tablet":{"background-color":"var(--ast-global-color-5)","background-image":"","background-repeat":"repeat","background-position":"center center","background-size":"auto","background-attachment":"scroll","background-type":"","background-media":"","overlay-type":"","overlay-color":"","overlay-opacity":"","overlay-gradient":""},"mobile":{"background-color":"var(--ast-global-color-5)","background-image":"","background-repeat":"repeat","background-position":"center center","background-size":"auto","background-attachment":"scroll","background-type":"","background-media":"","overlay-type":"","overlay-color":"","overlay-opacity":"","overlay-gradient":""}},"footnotes":""},"_links":{"self":[{"href":"https:\/\/protegeme.com.br\/site\/index.php\/wp-json\/wp\/v2\/pages\/3"}],"collection":[{"href":"https:\/\/protegeme.com.br\/site\/index.php\/wp-json\/wp\/v2\/pages"}],"about":[{"href":"https:\/\/protegeme.com.br\/site\/index.php\/wp-json\/wp\/v2\/types\/page"}],"author":[{"embeddable":true,"href":"https:\/\/protegeme.com.br\/site\/index.php\/wp-json\/wp\/v2\/users\/1"}],"replies":[{"embeddable":true,"href":"https:\/\/protegeme.com.br\/site\/index.php\/wp-json\/wp\/v2\/comments?post=3"}],"version-history":[{"count":10,"href":"https:\/\/protegeme.com.br\/site\/index.php\/wp-json\/wp\/v2\/pages\/3\/revisions"}],"predecessor-version":[{"id":949,"href":"https:\/\/protegeme.com.br\/site\/index.php\/wp-json\/wp\/v2\/pages\/3\/revisions\/949"}],"wp:attachment":[{"href":"https:\/\/protegeme.com.br\/site\/index.php\/wp-json\/wp\/v2\/media?parent=3"}],"curies":[{"name":"wp","href":"https:\/\/api.w.org\/{rel}","templated":true}]}}